{"id":277,"date":"2014-03-11T15:48:05","date_gmt":"2014-03-11T13:48:05","guid":{"rendered":"http:\/\/d18737.ispservices.at\/?page_id=277"},"modified":"2025-08-19T14:15:33","modified_gmt":"2025-08-19T12:15:33","slug":"geschichte","status":"publish","type":"page","link":"https:\/\/www.tws-kahr.at\/?page_id=277","title":{"rendered":"Historie"},"content":{"rendered":"[spb_text_block pb_margin_bottom=&#8220;no&#8220; pb_border_bottom=&#8220;no&#8220; width=&#8220;1\/1&#8243; el_position=&#8220;first last&#8220;]\n[spb_text_block pb_margin_bottom=&#8220;no&#8220; pb_border_bottom=&#8220;no&#8220; width=&#8220;1\/1&#8243; el_position=&#8220;first last&#8220;]\n<h3>Ein Name. Eine Familie.<\/h3>\n<p><b><i>Eine kleine Geschichte des Erfolgs<\/i><\/b><\/p>\n<p>Als er sich 1976 beim elterlichen Bauernhof am Fu\u00dfe des Sch\u00f6ckls seinen Traum einer eigenen Tischlerei erf\u00fcllte, besa\u00df Peter Kahr bereits all jene F\u00e4higkeiten, die f\u00fcr erfolgreiche Unternehmer charakteristisch sind: kundenorientiert, qualit\u00e4tsbewusst und offen f\u00fcr neue Ideen. Knapp zwei Jahre sp\u00e4ter legte er den Grundstein f\u00fcr ein erfolgreiches Familienunternehmen und baute eine eigene Tischlerei mit mehr als 400m\u00b2 nahe dem Ortszentrum von Semriach. Von Beginn an sch\u00e4tzten Kunden die Produktion von individuellen M\u00f6beln, angefertigt aus heimischem Holz, mit h\u00f6chster Qualit\u00e4t. Vieles hat sich in den letzten 50 Jahren ver\u00e4ndert, doch das Grundlegende ist geblieben. \u201eWir bieten auch nach 50 erfolgreichen Jahren unseren Kunden individuell gefertigte M\u00f6bel aus Meisterhand und bester Qualit\u00e4t an!\u201c Das innovative Familienunternehmen aus Semriach, welches der Gr\u00fcnder der Tischlerwerkst\u00e4tte Peter Kahr heute gemeinsam mit seinen beiden T\u00f6chtern Martina und Katrin Kahr erfolgreich f\u00fchrt, ist weit \u00fcber die Steiermark und sogar international t\u00e4tig. Als Partner f\u00fcr die Umsetzung Ihres Lebens(t)raumes oder als Partner im Bereich des Ladenbaues, das wichtigste Ziel wird nach wie vor verfolgt. \u201eIhr individueller Wunsch wird f\u00fcr uns in bester Qualit\u00e4t umgesetzt!\u201c<\/p>\n<h3 class=\"spb-heading\"><img loading=\"lazy\" decoding=\"async\" class=\"alignnone wp-image-319\" src=\"https:\/\/tws-kahr.at\/wp-content\/uploads\/2014\/03\/geschichte011-300x237.jpg\" alt=\"geschichte01\" width=\"303\" height=\"239\" srcset=\"https:\/\/www.tws-kahr.at\/wp-content\/uploads\/2014\/03\/geschichte011-300x237.jpg 300w, https:\/\/www.tws-kahr.at\/wp-content\/uploads\/2014\/03\/geschichte011-101x80.jpg 101w, https:\/\/www.tws-kahr.at\/wp-content\/uploads\/2014\/03\/geschichte011.jpg 800w\" sizes=\"auto, (max-width: 303px) 100vw, 303px\" \/><\/h3>\n<p><img loading=\"lazy\" decoding=\"async\" class=\"alignnone wp-image-320\" src=\"https:\/\/tws-kahr.at\/wp-content\/uploads\/2014\/03\/geschichte021-300x240.jpg\" alt=\"geschichte02\" width=\"304\" height=\"243\" srcset=\"https:\/\/www.tws-kahr.at\/wp-content\/uploads\/2014\/03\/geschichte021-300x240.jpg 300w, https:\/\/www.tws-kahr.at\/wp-content\/uploads\/2014\/03\/geschichte021-99x80.jpg 99w, https:\/\/www.tws-kahr.at\/wp-content\/uploads\/2014\/03\/geschichte021.jpg 800w\" sizes=\"auto, (max-width: 304px) 100vw, 304px\" \/><\/p>\n<p><img loading=\"lazy\" decoding=\"async\" class=\"alignnone wp-image-321\" src=\"https:\/\/tws-kahr.at\/wp-content\/uploads\/2014\/03\/geschichte041-300x207.jpg\" alt=\"geschichte04\" width=\"303\" height=\"209\" srcset=\"https:\/\/www.tws-kahr.at\/wp-content\/uploads\/2014\/03\/geschichte041-300x207.jpg 300w, https:\/\/www.tws-kahr.at\/wp-content\/uploads\/2014\/03\/geschichte041-115x80.jpg 115w, https:\/\/www.tws-kahr.at\/wp-content\/uploads\/2014\/03\/geschichte041.jpg 800w\" sizes=\"auto, (max-width: 303px) 100vw, 303px\" \/><\/p>\n<p><a href=\"https:\/\/tws-kahr.at\/?attachment_id=907\" rel=\"attachment wp-att-907\"><img loading=\"lazy\" decoding=\"async\" class=\"alignnone wp-image-907\" src=\"https:\/\/tws-kahr.at\/wp-content\/uploads\/2025\/08\/TWS-Kahr_Einfahrt-Fahne_082025-1030x773.jpg\" alt=\"\" width=\"304\" height=\"228\" srcset=\"https:\/\/www.tws-kahr.at\/wp-content\/uploads\/2025\/08\/TWS-Kahr_Einfahrt-Fahne_082025-1030x773.jpg 1030w, https:\/\/www.tws-kahr.at\/wp-content\/uploads\/2025\/08\/TWS-Kahr_Einfahrt-Fahne_082025-300x225.jpg 300w, https:\/\/www.tws-kahr.at\/wp-content\/uploads\/2025\/08\/TWS-Kahr_Einfahrt-Fahne_082025-768x576.jpg 768w, https:\/\/www.tws-kahr.at\/wp-content\/uploads\/2025\/08\/TWS-Kahr_Einfahrt-Fahne_082025-107x80.jpg 107w, https:\/\/www.tws-kahr.at\/wp-content\/uploads\/2025\/08\/TWS-Kahr_Einfahrt-Fahne_082025-1536x1152.jpg 1536w, https:\/\/www.tws-kahr.at\/wp-content\/uploads\/2025\/08\/TWS-Kahr_Einfahrt-Fahne_082025-2048x1536.jpg 2048w, https:\/\/www.tws-kahr.at\/wp-content\/uploads\/2025\/08\/TWS-Kahr_Einfahrt-Fahne_082025-94x70.jpg 94w, https:\/\/www.tws-kahr.at\/wp-content\/uploads\/2025\/08\/TWS-Kahr_Einfahrt-Fahne_082025-600x450.jpg 600w, https:\/\/www.tws-kahr.at\/wp-content\/uploads\/2025\/08\/TWS-Kahr_Einfahrt-Fahne_082025-900x675.jpg 900w, https:\/\/www.tws-kahr.at\/wp-content\/uploads\/2025\/08\/TWS-Kahr_Einfahrt-Fahne_082025-1280x960.jpg 1280w\" sizes=\"auto, (max-width: 304px) 100vw, 304px\" \/><\/a><\/p>\n<p><em><strong>Tischlerhandwerk mit Tradition. Seit 1976.<\/strong><\/em><\/p>\n<h5>12. Oktober 1976<\/h5>\n<p>Gr\u00fcndung des Einzelunternehmens Tischlerei Peter Kahr<\/p>\n<h5>1978<\/h5>\n<p>\u00dcbersiedelung in die neu errichtete Betriebsst\u00e4tte im Ortsteil Neudorf<\/p>\n<h5>1988<\/h5>\n<p>Erweiterung des Betriebes in Semriach<\/p>\n<h5>2007<\/h5>\n<p>Umgr\u00fcndung des Einzelunternehmens Tischlerei Peter Kahr in die Tischlerwerkst\u00e4tte Peter Kahr GmbH<\/p>\n<h5>2008<\/h5>\n<p>Bestellung der neuen Gesch\u00e4ftsf\u00fchrung durch Martina Kahr<\/p>\n<h5>2016<\/h5>\n<p>Bestellung der neuen Gesch\u00e4ftsf\u00fchrung durch Martina Kahr und Katrin Kahr<\/p>\n<h5>2020<\/h5>\n<p>Verleihung des Regionalit\u00e4tspreises der Region Graz-Umgebung 2020<\/p>\n<h5>2022<\/h5>\n<p>Umbau- und Neugestaltung der Betriebsst\u00e4tte in der Neudorfstra\u00dfe<\/p>\n","protected":false},"excerpt":{"rendered":"<p>[spb_text_block pb_margin_bottom=&#8220;no&#8220; pb_border_bottom=&#8220;no&#8220; width=&#8220;1\/1&#8243; el_position=&#8220;first last&#8220;] [spb_text_block pb_margin_bottom=&#8220;no&#8220; pb_border_bottom=&#8220;no&#8220; width=&#8220;1\/1&#8243; el_position=&#8220;first last&#8220;] Ein Name. Eine Familie. Eine kleine Geschichte des Erfolgs Als er sich 1976 beim elterlichen Bauernhof am Fu\u00dfe des Sch\u00f6ckls seinen Traum einer eigenen Tischlerei erf\u00fcllte, besa\u00df Peter Kahr bereits all jene F\u00e4higkeiten, die f\u00fcr erfolgreiche Unternehmer charakteristisch sind: kundenorientiert, qualit\u00e4tsbewusst und offen f\u00fcr neue Ideen. Knapp zwei [&hellip;]<\/p>\n","protected":false},"author":1,"featured_media":0,"parent":24,"menu_order":0,"comment_status":"closed","ping_status":"closed","template":"","meta":{"footnotes":""},"class_list":["post-277","page","type-page","status-publish","hentry"],"_links":{"self":[{"href":"https:\/\/www.tws-kahr.at\/index.php?rest_route=\/wp\/v2\/pages\/277","targetHints":{"allow":["GET"]}}],"collection":[{"href":"https:\/\/www.tws-kahr.at\/index.php?rest_route=\/wp\/v2\/pages"}],"about":[{"href":"https:\/\/www.tws-kahr.at\/index.php?rest_route=\/wp\/v2\/types\/page"}],"author":[{"embeddable":true,"href":"https:\/\/www.tws-kahr.at\/index.php?rest_route=\/wp\/v2\/users\/1"}],"replies":[{"embeddable":true,"href":"https:\/\/www.tws-kahr.at\/index.php?rest_route=%2Fwp%2Fv2%2Fcomments&post=277"}],"version-history":[{"count":36,"href":"https:\/\/www.tws-kahr.at\/index.php?rest_route=\/wp\/v2\/pages\/277\/revisions"}],"predecessor-version":[{"id":921,"href":"https:\/\/www.tws-kahr.at\/index.php?rest_route=\/wp\/v2\/pages\/277\/revisions\/921"}],"up":[{"embeddable":true,"href":"https:\/\/www.tws-kahr.at\/index.php?rest_route=\/wp\/v2\/pages\/24"}],"wp:attachment":[{"href":"https:\/\/www.tws-kahr.at\/index.php?rest_route=%2Fwp%2Fv2%2Fmedia&parent=277"}],"curies":[{"name":"wp","href":"https:\/\/api.w.org\/{rel}","templated":true}]}}

[spb_text_block pb_margin_bottom=&#8220;no&#8220; pb_border_bottom=&#8220;no&#8220; width=&#8220;1/1&#8243; el_position=&#8220;first last&#8220;]
[spb_text_block pb_margin_bottom=&#8220;no&#8220; pb_border_bottom=&#8220;no&#8220; width=&#8220;1/1&#8243; el_position=&#8220;first last&#8220;]
<h3>Ein Name. Eine Familie.</h3>
<p><b><i>Eine kleine Geschichte des Erfolgs</i></b></p>
<p>Als er sich 1976 beim elterlichen Bauernhof am Fuße des Schöckls seinen Traum einer eigenen Tischlerei erfüllte, besaß Peter Kahr bereits all jene Fähigkeiten, die für erfolgreiche Unternehmer charakteristisch sind: kundenorientiert, qualitätsbewusst und offen für neue Ideen. Knapp zwei Jahre später legte er den Grundstein für ein erfolgreiches Familienunternehmen und baute eine eigene Tischlerei mit mehr als 400m² nahe dem Ortszentrum von Semriach. Von Beginn an schätzten Kunden die Produktion von individuellen Möbeln, angefertigt aus heimischem Holz, mit höchster Qualität. Vieles hat sich in den letzten 50 Jahren verändert, doch das Grundlegende ist geblieben. „Wir bieten auch nach 50 erfolgreichen Jahren unseren Kunden individuell gefertigte Möbel aus Meisterhand und bester Qualität an!“ Das innovative Familienunternehmen aus Semriach, welches der Gründer der Tischlerwerkstätte Peter Kahr heute gemeinsam mit seinen beiden Töchtern Martina und Katrin Kahr erfolgreich führt, ist weit über die Steiermark und sogar international tätig. Als Partner für die Umsetzung Ihres Lebens(t)raumes oder als Partner im Bereich des Ladenbaues, das wichtigste Ziel wird nach wie vor verfolgt. „Ihr individueller Wunsch wird für uns in bester Qualität umgesetzt!“</p>
<h3 class="spb-heading"><img loading="lazy" decoding="async" class="alignnone wp-image-319" src="https://tws-kahr.at/wp-content/uploads/2014/03/geschichte011-300x237.jpg" alt="geschichte01" width="303" height="239" srcset="https://www.tws-kahr.at/wp-content/uploads/2014/03/geschichte011-300x237.jpg 300w, https://www.tws-kahr.at/wp-content/uploads/2014/03/geschichte011-101x80.jpg 101w, https://www.tws-kahr.at/wp-content/uploads/2014/03/geschichte011.jpg 800w" sizes="auto, (max-width: 303px) 100vw, 303px" /></h3>
<p><img loading="lazy" decoding="async" class="alignnone wp-image-320" src="https://tws-kahr.at/wp-content/uploads/2014/03/geschichte021-300x240.jpg" alt="geschichte02" width="304" height="243" srcset="https://www.tws-kahr.at/wp-content/uploads/2014/03/geschichte021-300x240.jpg 300w, https://www.tws-kahr.at/wp-content/uploads/2014/03/geschichte021-99x80.jpg 99w, https://www.tws-kahr.at/wp-content/uploads/2014/03/geschichte021.jpg 800w" sizes="auto, (max-width: 304px) 100vw, 304px" /></p>
<p><img loading="lazy" decoding="async" class="alignnone wp-image-321" src="https://tws-kahr.at/wp-content/uploads/2014/03/geschichte041-300x207.jpg" alt="geschichte04" width="303" height="209" srcset="https://www.tws-kahr.at/wp-content/uploads/2014/03/geschichte041-300x207.jpg 300w, https://www.tws-kahr.at/wp-content/uploads/2014/03/geschichte041-115x80.jpg 115w, https://www.tws-kahr.at/wp-content/uploads/2014/03/geschichte041.jpg 800w" sizes="auto, (max-width: 303px) 100vw, 303px" /></p>
<p><a href="https://tws-kahr.at/?attachment_id=907" rel="attachment wp-att-907"><img loading="lazy" decoding="async" class="alignnone wp-image-907" src="https://tws-kahr.at/wp-content/uploads/2025/08/TWS-Kahr_Einfahrt-Fahne_082025-1030x773.jpg" alt="" width="304" height="228" srcset="https://www.tws-kahr.at/wp-content/uploads/2025/08/TWS-Kahr_Einfahrt-Fahne_082025-1030x773.jpg 1030w, https://www.tws-kahr.at/wp-content/uploads/2025/08/TWS-Kahr_Einfahrt-Fahne_082025-300x225.jpg 300w, https://www.tws-kahr.at/wp-content/uploads/2025/08/TWS-Kahr_Einfahrt-Fahne_082025-768x576.jpg 768w, https://www.tws-kahr.at/wp-content/uploads/2025/08/TWS-Kahr_Einfahrt-Fahne_082025-107x80.jpg 107w, https://www.tws-kahr.at/wp-content/uploads/2025/08/TWS-Kahr_Einfahrt-Fahne_082025-1536x1152.jpg 1536w, https://www.tws-kahr.at/wp-content/uploads/2025/08/TWS-Kahr_Einfahrt-Fahne_082025-2048x1536.jpg 2048w, https://www.tws-kahr.at/wp-content/uploads/2025/08/TWS-Kahr_Einfahrt-Fahne_082025-94x70.jpg 94w, https://www.tws-kahr.at/wp-content/uploads/2025/08/TWS-Kahr_Einfahrt-Fahne_082025-600x450.jpg 600w, https://www.tws-kahr.at/wp-content/uploads/2025/08/TWS-Kahr_Einfahrt-Fahne_082025-900x675.jpg 900w, https://www.tws-kahr.at/wp-content/uploads/2025/08/TWS-Kahr_Einfahrt-Fahne_082025-1280x960.jpg 1280w" sizes="auto, (max-width: 304px) 100vw, 304px" /></a></p>
<p><em><strong>Tischlerhandwerk mit Tradition. Seit 1976.</strong></em></p>
<h5>12. Oktober 1976</h5>
<p>Gründung des Einzelunternehmens Tischlerei Peter Kahr</p>
<h5>1978</h5>
<p>Übersiedelung in die neu errichtete Betriebsstätte im Ortsteil Neudorf</p>
<h5>1988</h5>
<p>Erweiterung des Betriebes in Semriach</p>
<h5>2007</h5>
<p>Umgründung des Einzelunternehmens Tischlerei Peter Kahr in die Tischlerwerkstätte Peter Kahr GmbH</p>
<h5>2008</h5>
<p>Bestellung der neuen Geschäftsführung durch Martina Kahr</p>
<h5>2016</h5>
<p>Bestellung der neuen Geschäftsführung durch Martina Kahr und Katrin Kahr</p>
<h5>2020</h5>
<p>Verleihung des Regionalitätspreises der Region Graz-Umgebung 2020</p>
<h5>2022</h5>
<p>Umbau- und Neugestaltung der Betriebsstätte in der Neudorfstraße</p>

<p>[spb_text_block pb_margin_bottom=&#8220;no&#8220; pb_border_bottom=&#8220;no&#8220; width=&#8220;1/1&#8243; el_position=&#8220;first last&#8220;] [spb_text_block pb_margin_bottom=&#8220;no&#8220; pb_border_bottom=&#8220;no&#8220; width=&#8220;1/1&#8243; el_position=&#8220;first last&#8220;] Ein Name. Eine Familie. Eine kleine Geschichte des Erfolgs Als er sich 1976 beim elterlichen Bauernhof am Fuße des Schöckls seinen Traum einer eigenen Tischlerei erfüllte, besaß Peter Kahr bereits all jene Fähigkeiten, die für erfolgreiche Unternehmer charakteristisch sind: kundenorientiert, qualitätsbewusst und offen für neue Ideen. Knapp zwei [&hellip;]</p>
